t x(i) = -8*i**2 - 33*i - 35. Give x(-2).
-1
Let o(b) = 7*b**2 - 410*b + 1012. What is o(56)?
4
Let z(a) = -48*a - 1596. What is z(-33)?
-12
Let d(y) = -y**2 + 130*y + 937. What is d(-7)?
-22
Let g(x) = -293*x + 2049. Determine g(7).
-2
Let p(q) = 68*q - 441. What is p(7)?
35
Let z(i) = -95*i**2 + 758*i + 10. Determine z(8).
-6
Let z(q) = -q**3 - 19*q**2 + 37*q - 91. Calculate z(-21).
14
Let h(z) = -3*z**2 + 271*z - 2455. What is h(10)?
-45
Let u(g) = g**2 - 46*g - 685. What is u(58)?
11
Let f(b) = -b**2 - 63*b + 385. Give f(-68).
45
Let c(p) = 17*p + 1513. Determine c(-46).
731
Let p(j) = j**3 + 110*j**2 + 518*j - 39. Calculate p(-5).
-4
Let h(b) = 48*b - 1519. Give h(32).
17
Let c(v) = -12*v - 377. What is c(-30)?
-17
Let g(m) = -3*m**3 - 135*m**2 + 138*m + 44. Calculate g(-46).
44
Let j(c) = -12*c**2 - 348*c - 339. Calculate j(-28).
-3
Let b(n) = 4*n**2 + 102*n + 338. Calculate b(-4).
-6
Let k(i) = 11*i**3 + 30*i**2 - 33*i + 5. Give k(1).
13
Let d(g) = -3*g**2 + 14*g + 2. Calculate d(2).
18
Let a(v) = 224*v + 13193. Calculate a(-59).
-23
Let i(q) = 3*q**2 + 110*q + 486. Determine i(-6).
-66
Let n(j) = -3*j**3 - 61*j**2 - 19*j + 5. Calculate n(-20).
-15
Let u(d) = d**2 + 27*d + 88. Calculate u(-27).
88
Let r(b) = -b**3 - 12*b**2 + 49*b + 80. Calculate r(-16).
320
Let n(s) = -9*s - 135. What is n(-12)?
-27
Let n(a) = -19*a - 3173. Give n(-167).
0
Let s(y) = y**3 + 5*y**2 + 1798*y + 10810. Give s(-6).
-14
Let h(t) = 5*t**2 - 81*t + 272. What is h(14)?
118
Let b(x) = x**2 - 50*x - 678. Determine b(-11).
-7
Let b(j) = -3*j**2 + 103*j - 941. What is b(17)?
-57
Let k(u) = 9*u**3 - 3*u**2 + 53*u + 55. Calculate k(-1).
-10
Let j(k) = -26*k**2 - 6*k + 2. What is j(1)?
-30
Let u(m) = 55*m + 5105. Give u(-93).
-10
Let f(i) = 37*i + 463. Determine f(-14).
-55
Let i(t) = 21*t**2 - 718*t - 557. Give i(35).
38
Let p(w) = -2*w**3 - 10*w**2 + 38*w + 185. What is p(-4)?
1
Let g(h) = 5*h**2 + 82*h + 19. What is g(-16)?
-13
Let b(q) = 2*q**2 + 176*q + 1139. Determine b(-7).
5
Let x(w) = w**2 + 91*w + 1933. Give x(-48).
-131
Let g(x) = -28*x - 1044. What is g(-37)?
-8
Let y(b) = 33*b**2 + 1750*b + 48. What is y(-53)?
-5
Let s(g) = -4*g**2 + g - 47. Determine s(-6).
-197
Let w(m) = 34*m**2 - 819*m + 77. Give w(24).
5
Let c(z) = -2303*z + 6914. Calculate c(3).
5
Let m(u) = 53*u + 246. Give m(-25).
-1079
Let g(z) = 796*z + 45381. Calculate g(-57).
9
Let v(h) = -18*h - 406. Determine v(-19).
-64
Let n(a) = 60*a**2 - 415*a - 24. Give n(7).
11
Let a(t) = -139*t**2 + 35*t + 33. What is a(-1)?
-141
Let b(m) = -m**2 - 41*m + 994. Give b(17).
8
Let x(z) = 33*z + 308. Give x(-8).
44
Let o(d) = d**3 + 142*d**2 - 3797*d - 331. Give o(-165).
-1
Let f(a) = -22*a - 1858. What is f(-82)?
-54
Let f(b) = b**3 + 19*b**2 + 79*b - 69. Determine f(-12).
-9
Let k(t) = -t**3 - 11*t**2 - 2*t + 23. Calculate k(-6).
-145
Let w(j) = -j**2 - 60*j - 24. Determine w(-12).
552
Let d(n) = -2*n + 79. Give d(22).
35
Let u(p) = 2*p**3 - 12*p**2 + 10*p + 1. Calculate u(2).
-11
Let h(d) = -165*d - 2145. Determine h(-13).
0
Let z(q) = 9*q**2 + 156*q + 23. What is z(-17)?
-28
Let j(c) = -10470*c + 104682. Give j(10).
-18
Let a(d) = -2*d**3 + 3*d**2 + 18*d + 8. Give a(6).
-208
Let h(b) = -35*b + 3596. What is h(102)?
26
Let j(w) = -2262*w + 15817. Determine j(7).
-17
Let u(t) = 55*t - 1277. Give u(23).
-12
Let w(y) = -9*y**2 + 55*y - 10. Calculate w(6).
-4
Let m(f) = -18*f + 21. What is m(0)?
21
Let i(m) = 89*m + 917. Calculate i(-10).
27
Let h(w) = 2*w**3 + 27*w**2 - 57*w - 543. Give h(-14).
59
Let t(z) = 894*z + 43801. Give t(-49).
-5
Let f(k) = -5*k**2 - 526*k - 8578. Determine f(-85).
7
Let t(d) = d**3 - 5*d**2 - 17*d - 134. Give t(10).
196
Let s(g) = 211*g + 7381. What is s(-35)?
-4
Let z(i) = 164*i + 262. What is z(-3)?
-230
Let a(p) = 27*p - 47. Calculate a(10).
223
Let l(q) = -40*q - 25. Give l(4).
-185
Let h(a) = -a**2 + 36*a + 415. Calculate h(45).
10
Let o(w) = 2*w**2 + 8*w - 18. Determine o(-11).
136
Let p(x) = -x**3 + 51*x**2 - 46*x - 239. Calculate p(50).
-39
Let o(n) = -3*n**2 + 38*n - 7. Give o(13).
-20
Let v(w) = 35*w + 2959. Calculate v(-83).
54
Let w(c) = 8*c**2 - 227*c + 2. What is w(3)?
-607
Let u(b) = -23*b + 427. Calculate u(20).
-33
Let w(k) = -k**3 + 8*k**2 + 3*k + 156. Determine w(10).
-14
Let o(x) = -498*x + 62249. Determine o(125).
-1
Let m(d) = d**3 - 26*d**2 - 42*d + 939. Give m(26).
-153
Let h(w) = -22*w + 40. Calculate h(6).
-92
Let k(l) = 51*l + 1855. What is k(-33)?
172
Let j(u) = -35*u - 137. Give j(-4).
3
Let l(q) = 116*q - 837. Give l(5).
-257
Let n(p) = -4*p**3 - 5*p**2 - 50*p - 95. What is n(-2)?
17
Let s(d) = d**3 + 24*d**2 + 69*d + 31. Calculate s(-21).
-95
Let j(t) = -t**3 + 49*t + 116. What is j(8)?
-4
Let u(b) = -721*b + 2900. What is u(4)?
16
Let x(r) = -113*r - 4852. Determine x(-43).
7
Let g(c) = c**3 + 7*c**2 - 19*c - 7. What is g(-7)?
126
Let u(v) = -111*v**2 - 527*v + 2. What is u(-5)?
-138
Let f(l) = 2501*l**3 + 12506*l**2 + 4*l + 12. Give f(-5).
17
Let b(n) = 1232*n - 23392. Calculate b(19).
16
Let x(y) = -y**2 + 19*y + 408. Determine x(-14).
-54
Let m(z) = -2558*z - 7675. Determine m(-3).
-1
Let n(y) = -1033*y - 3071. What is n(-3)?
28
Let b(o) = -2*o**3 - 35*o**2 + 135*o - 65. Determine b(3).
-29
Let b(v) = v**2 - 38*v - 31. What is b(34)?
-167
Let u(s) = -s**3 - 2*s**2 + 44*s - 22. Give u(5).
23
Let d(a) = -181*a**3 + 2*a**2 + 2. Determine d(-1).
185
Let s(o) = o**3 - 89*o**2 + 1567*o - 435. Determine s(65).
20
Let g(w) = 354*w - 2128. Calculate g(6).
-4
Let s(a) = 214*a - 1037. What is s(6)?
247
Let l(z) = -2*z**3 + 8*z**2 + 36*z + 74. Calculate l(-3).
92
Let k(w) = -78*w + 210. Give k(4).
-102
Let k(q) = -2*q**3 - 10*q**2 - 33*q - 70. What is k(-5)?
95
Let i(q) = -5*q**3 - 524*q**2 + 113*q + 838. Give i(-105).
-2
Let o(f) = 3*f**3 + 191*f**2 + 301*f - 559. Calculate o(-62).
-1
Let b(q) = -219*q**2 + 28*q - 27. Determine b(1).
-218
Let l(h) = h**3 + 9*h**2 + h - 87. What is l(-9)?
-96
Let u(o) = o**2 + 40*o + 100. Calculate u(-32).
-156
Let l(b) = -100*b - 605. What is l(-7)?
95
Let w(b) = -102*b**2 + 3*b + 6. What is w(-2)?
-408
Let y(i) = 17753*i + 497085. Give y(-28).
1
Let z(l) = -1278*l - 2547. Determine z(-2).
9
Let m(a) = -a**2 + 104*a - 301. Calculate m(3).
2
Let q(b) = -b**3 - 146*b**2 - 759*b - 276. What is q(-5)?
-6
Let t(j) = -2*j**2 - 47*j + 41. Calculate t(-24).
17
Let y(l) = -271*l + 21136. Determine y(78).
-2
Let w(o) = -6*o + 279. Calculate w(46).
3
Let s(n) = n**3 - 16*n**2 + 66*n - 30. Give s(8).
-14
Let f(i) = 38*i + 977. What is f(-25)?
27
Let t(a) = -a**2 - 91*a - 653. Calculate t(-8).
11
Let p(x) = -x**3 - 57*x**2 + 312*x + 129. What is p(-62)?
5
Let o(w) = -805*w - 21733. Determine o(-27).
2
Let k(a) = 2*a**3 - 35*a**2 + 97*a + 58. What is k(14)?
44
Let j(a) = a**3 - 23*a**2 + 93*a - 65. Calculate j(18).
-11
Let n(r) = 14*r**3 - 7*r + 8. Calculate n(2).
106
Let w(j) = -5*j**2 + 400*j - 5118. What is w(64)?
2
Let r(o) = o**3 - 7*o**2 + 25*o - 525. Give r(10).
25
Let p(t) = 109*t + 26052. Give p(-239).
1
Let n(p) = -133*p - 3862. What is n(-29)?
-5
Let b(w) = w**3 + 83*w**2 - 58*w + 2179. Give b(-84).
-5
Let r(o) = 2*o**3 + 23*o**2 + 27*o - 13. What is r(-13)?
-871
Let y(c) = -19*c**3 + 2*c**2 - c + 5. Give y(2).
-141
Let x(g) = -2*g**3 + 43*g**2 + 27*g - 96. Calculate x(22).
14
Let f(y) = -49*y - 6197. Calculate f(-128).
75
Let u(z) = 15*z**2 - 997*z + 2363. Calculate u(64).
-5
Let a(v) = 302*v - 20238. What is a(67)?
-4
Let b(i) = 2*i**2 + 5*i - 141. Give b(-6).
-99
Let k(z) = 13*z**2 + 26*z - 352. Calculate k(-6).
-40
Let x(z) = 7*z + 46. What is x(-21)?
-101
Let z(o) = -o**3 - 129*o**2 + 350*o + 11527. Calculate z(-131).
-1
Let f(b) = -78*b + 8. What is f(0)?
8
Let d(k) = 24*k**2 + 48*k - 327. Give d(7).
1185
Let n(j) = 7*j**2 - 522*j + 302. Calculate n(74).
6
Let r(d) = -10878*d + 76186. Calculate r(7).
40
Let c(z) = -z**2 + 328*z - 1645. What is c(5)?
-30
Let v(p) = -76*p**2 + 1001*p - 28. Determine v(13).
141
Let w(c) = 5234*c - 10476. What is w(2)?
-8
Let x(m) = -79*m**2 + 37*m + 38. Determine x(-1).
-78
Let t(n) = 58*n - 2366. Give t(40).
-46
Let t(f) = -f**3 - 113*f**2 - 1211*f + 108. Give t(-101).
7
Let q(g) = g**2 - 25*g + 19. Give q(15).
-131
Let s(l) = 8*l - 88. Give s(14).
24
Let u(x) = 76*x + 273. Give u(-